d i?
5
Suppose 363*d - 224 = 355*d. Suppose s - 7 = -2, -4*s = -4*z + 8. Let t be (-2)/z - (-3732)/d. What is the highest common divisor of 19 and t?
19
Suppose 0 = -5*i - 4*o + 248 - 78, 2*o - 68 = -2*i. Calculate the greatest common factor of i and 544.
34
Let l be 320/48 + 1/3. What is the greatest common factor of l and 749?
7
Suppose -12*q = -6*q - 216. Suppose -7*a - q = -141. What is the highest common factor of a and 165?
15
Let j be (60/(-14))/((-9)/42). Let u = 13 + -9. Suppose -d + 55 = r - 2*d, -3*r = u*d - 130. Calculate the greatest common divisor of j and r.
10
Let j(n) = 2*n**3 - n**2 - 24*n - 2. Let k be j(4). What is the highest common factor of k and 84?
14
Suppose j - 4 = 3. Suppose j*i - 6*i = 64. Calculate the greatest common divisor of 8 and i.
8
Let g(k) = 6*k**2 + k. Let d be g(-2). Suppose 5*n = 2*n + 4*a + 384, -141 = -n - 3*a. What is the greatest common factor of n and d?
22
Suppose -9*y + 11*y = 404. Suppose -2*q = -y - 84. Calculate the highest common divisor of q and 13.
13
Let h be ((-153)/(-6))/((-6)/(-20)). Suppose 0 = 4*r + 3*o - 145, 3*r + o - 78 = 27. Calculate the highest common factor of r and h.
17
Suppose -189 = -9*j + 135. Calculate the highest common divisor of j and 99.
9
Let j(z) = z**2 + 20*z - 31. Let q be j(-22). Suppose -w = q - 25. What is the greatest common divisor of 108 and w?
12
Let n = -3 - -1. Let b be n/(-6) + (-22)/(-6). Suppose 160 = -2*m + 7*m. What is the highest common divisor of b and m?
4
Suppose w - 6*w + 3*q + 70 = 0, 4*q = -w + 37. Let d be w/((2/1)/18). Calculate the greatest common divisor of 17 and d.
17
Let w = -62 + 154. Suppose 3*r = -6, -3*h = h + 2*r - w. Calculate the greatest common divisor of 216 and h.
24
Let n be (2 - 3)/((-3)/(-18)). Let a be 140/21*n/(-4). What is the greatest common factor of 30 and a?
10
Let q be 91 - (0 - -1 - 2). Let n = q - -13. What is the greatest common factor of 21 and n?
21
Let h = -82 - -194. Let b = 11 - 8. Let z(l) = 4*l**2 - 8*l + 2. Let s be z(b). What is the highest common factor of h and s?
14
Let v(h) = 7*h**2 + 2*h - h**2 + 0*h**2 + 7 - 2*h**3. Let q be v(3). Calculate the highest common divisor of 169 and q.
13
Let r(h) = -85*h - 28. Let v be r(-1). What is the highest common factor of v and 152?
19
Let r = 2 - -1. Let n be -1*-177*1 + r. What is the highest common factor of n and 20?
20
Let z(p) = 7*p**2 + 4*p + 7. Let c be z(-2). Suppose 29*d = 26*d + c. What is the highest common factor of 3 and d?
3
Let q = 0 + 14. Let u be (-3)/((-20)/q - -1). Let c(h) = h**2 - 3*h + 7. Let y be c(u). Calculate the greatest common divisor of 14 and y.
7
Let z be 14/(-21) - 14/(-3). Suppose 3*w + 149 = 5*o, w = z*w + 9. Suppose -3*c - 12 = 0, -4*k = -7*c + 3*c - 32. What is the highest common divisor of o and k?
4
Suppose 0 = 2*w - 113 + 13. Calculate the highest common divisor of 10 and w.
10
Suppose 191*h = 162*h + 3944. Calculate the highest common divisor of 612 and h.
68
Suppose 46*b - 2574 = 28*b. Calculate the highest common factor of b and 132.
11
Let o(z) = -23*z - 27. Let m be o(-4). Calculate the greatest common divisor of m and 26.
13
Let k = -259 + 402. Let o = 21 - 10. Calculate the highest common divisor of k and o.
11
Let u(p) = 2*p**2 + 17*p + 8. Let q be u(-9). Suppose a + q - 20 = 0. Suppose 43 = a*n - 461. What is the highest common divisor of 21 and n?
21
Suppose -2*u + 134 = -t, -t = 15 - 13. What is the greatest common divisor of u and 44?
22
Let p = 470 + -456. Calculate the highest common divisor of 7 and p.
7
Suppose 221 = 5*f + 71. Let a be 18/4*-10*(-26)/117. Calculate the greatest common factor of f and a.
10
Let p be (0 - 2) + 5 + 1. Suppose -3*h + p*g + 4 + 15 = 0, -3*g - 13 = -h. Suppose 0 = 1239*u - 1202*u - 111. Calculate the greatest common factor of h and u.
1
Let w(u) = 24*u**3 + 3*u**2 + 22*u - 100. Let c be w(4). What is the highest common factor of 12 and c?
12
Let o be (-1 - -2) + -2 + 81. What is the greatest common divisor of o and 760?
40
Let o = -8 + 20. Suppose 4*f - 1 + 5 = -4*d, 0 = 2*d - 3*f - 18. Let p = o - d. Calculate the greatest common divisor of p and 81.
9
Suppose 0 = -19*p + 4867 - 459. What is the highest common factor of 29 and p?
29
Let i = -6 - -8. Suppose i*v - 4 = -0. Suppose -4*x + 2 = -v*x. Calculate the highest common divisor of 9 and x.
1
Let g = 58 - -124. Suppose -g + 746 = 3*w. Suppose 4*m + 32 = w. What is the greatest common factor of 26 and m?
13
Suppose 39*p = -28*p + 1340. What is the highest common factor of p and 370?
10
Let u(o) = -1. Let h(p) = -p - 20. Let v(w) = -h(w) - 5*u(w). Let n be v(-16). What is the greatest common divisor of n and 117?
9
Suppose -w - 5*b = -2*w - 18, -5*w - 159 = -2*b. Let x be 2/(-22)*-2 + (-291)/w. What is the highest common divisor of 81 and x?
9
Let i be 8/14 + (-7695)/(-21) + -2. Suppose 5*y + 3*q - i = -0*q, -5*y + 325 = -5*q. What is the highest common factor of y and 10?
10
Suppose -18 = -3*o - 9. Suppose -4*q + 2*g + 104 = 0, o*q + 2*g = q + 58. What is the highest common factor of q and 6?
3
Suppose 4*j = 8*j - 8. Suppose 3*y - 5 = -2*y, -j*y = -5*p + 1013. What is the highest common divisor of p and 29?
29
Suppose 2*g = 42*g - 46280. Calculate the highest common factor of g and 13.
13
Let k = 257 + 1422. What is the greatest common divisor of 23 and k?
23
Let p be (-33)/18 + (-1)/6. Let w be (p/(-4))/(3/360). What is the highest common divisor of 20 and w?
20
Suppose 4*k + 112 - 128 = 0. Suppose 0*j - 2 = -2*j. Let o be j/k - (-950)/8. What is the greatest common divisor of 17 and o?
17
Suppose -w - 285 = -7*a + 2*a, 285 = 5*a - 5*w. Calculate the highest common divisor of 627 and a.
57
Let w(y) = -y**2 + 8*y + 19. Let j be w(10). Let m be (222/24 - -1) + j/4. Let k(t) = -6*t - 2. Let i be k(-2). Calculate the highest common divisor of i and m.
10
Let b = 198 - 75. Calculate the greatest common divisor of b and 3.
3
Let s be (-1 - 38/(-14))*175/10. Suppose -177 = -2*n - 57. Suppose 0*l = -5*l + 2*o + n, 2*l - 40 = 4*o. Calculate the highest common factor of l and s.
10
Let b be ((-490)/(-4))/(169/1014). What is the greatest common divisor of b and 42?
21
Let a = 796 + 322. Calculate the greatest common factor of 26 and a.
26
Let m(l) = -l**3 - 2*l**2 - 37. Let g be m(0). Let o = -61 - g. Let u be ((-33)/9 + 3)*o. Calculate the highest common factor of 48 and u.
16
Let v be (-429)/(-15) + (-320)/200. What is the highest common divisor of v and 630?
9
Let x be ((-70)/25)/((-3)/45). Calculate the greatest common divisor of 756 and x.
42
Suppose -7*j + 128 = -3*j. Let n be (3 - j/6)*-9. Let y be 18/30 + (-1884)/(-10). Calculate the highest common factor of n and y.
21
Let h be (0 - 3)*(-228)/(-72)*-2. What is the greatest common divisor of 19 and h?
19
Let d(i) = -i**2 + 9*i - 2. Let z be d(12). Let v = -26 - z. Suppose -3 = -3*a + v. Calculate the highest common factor of a and 5.
5
Suppose 0*v + v + 26 = 0. Let l = v + 56. What is the greatest common divisor of 3 and l?
3
Let k(l) = l**3 - 17*l**2 + 31*l - 5. Let g be k(15). Let b = -22 + 37. What is the greatest common divisor of g and b?
5
Let u = -18 - -22. Let d = 10 + u. Calculate the greatest common factor of d and 98.
14
Let g(y) = 2*y**3 + 10*y**2 - 10*y + 12. Let q(h) = -h**3. Let o(c) = g(c) + q(c). Let l be o(-11). Calculate the greatest common factor of 7 and l.
1
Let r(y) = 0 + 4*y + 10 - 4 - y**2 + 2. Let a be r(6). Let m be 2*2/a - -81. What is the highest common divisor of m and 20?
20
Suppose -105 = -27*k + 12*k. Calculate the greatest common divisor of k and 280.
7
Let j(r) = 89*r + 13. Let t be j(3). What is the greatest common factor of 112 and t?
56
Let o(l) = 80*l + 121. Let f(b) = -26*b - 40. Let s(c) = -8*f(c) - 3*o(c). Let p be s(-12). What is the greatest common factor of p and 31?
31
Suppose 4*a + 3348 = 10*a. What is the highest common divisor of a and 18?
18
Let p be (-2 + 4 + -5)*-9. Calculate the highest common factor of 27 and p.
27
Suppose 3*y - 16 = -z + 2*z, 23 = 4*y - z. Suppose 3*s + 87 = -54. Let k = -46 - s. What is the greatest common factor of y and k?
1
Suppose 8*k = -4*k - 780 + 888. Let b(l) = -l**3 - 6*l**2 + 5*l + 1. Let i be b(-7). Calculate the highest common factor of k and i.
3
Let w(g) = 2*g + 9. Let d(a) = -a - 10. Le